?
True
Is 83946855 a multiple of 9?
False
Is 49275802 a multiple of 1754?
False
Does 727 divide 187925623?
False
Is 319 a factor of 350083001?
False
Is 520 a factor of 820612437?
False
Is 154 a factor of 184863140?
True
Does 1049 divide 103105418?
False
Is 21 a factor of 58687894?
False
Is 32 a factor of 792992?
True
Is 21 a factor of 3014382?
True
Is 84686 a multiple of 263?
True
Is 154949968 a multiple of 34?
True
Is 8693153 a multiple of 16?
False
Is 1321 a factor of 32936493?
True
Is 53 a factor of 63186706?
True
Is 151618467 a multiple of 429?
True
Is 18779568 a multiple of 3?
True
Is 10071720 a multiple of 606?
True
Does 84 divide 10815215?
False
Is 247845904 a multiple of 24?
False
Does 57 divide 670388514?
True
Does 2 divide 166975035?
False
Does 5 divide 21997000?
True
Does 35 divide 248316862?
False
Does 443 divide 11284410?
False
Does 121 divide 11979641?
False
Is 41388026 a multiple of 2?
True
Does 2388 divide 128524548?
True
Is 35 a factor of 12298599?
False
Is 1066755225 a multiple of 321?
True
Is 33809046 a multiple of 74?
True
Is 2304 a factor of 1387735278?
False
Does 14 divide 1036122033?
False
Is 654122110 a multiple of 392?
False
Is 303852960 a multiple of 18?
True
Is 40381383 a multiple of 34?
False
Is 717 a factor of 388188102?
True
Is 2611 a factor of 7117586?
True
Is 3377 a factor of 1263649119?
False
Is 170504631 a multiple of 11?
True
Is 10197147 a multiple of 159?
True
Is 1122 a factor of 109061981?
False
Is 580829094 a multiple of 16?
False
Is 231 a factor of 15815882?
False
Does 379 divide 2531867431?
True
Is 97 a factor of 134162737?
True
Does 18 divide 290168280?
True
Does 474 divide 31043208?
True
Is 145983376 a multiple of 7?
True
Is 196 a factor of 148190112?
True
Does 3084 divide 34321836?
True
Is 82386897 a multiple of 69?
True
Is 89687550 a multiple of 77?
False
Is 195 a factor of 453501824?
False
Does 104 divide 118789466?
False
Does 17 divide 987316?
False
Does 4481 divide 1976693493?
False
Does 5 divide 196445025?
True
Is 17219042 a multiple of 84?
False
Is 102950980 a multiple of 55?
True
Does 341 divide 751160938?
True
Does 425 divide 277606175?
True
Does 96 divide 407727882?
False
Is 706876380 a multiple of 10?
True
Does 4500 divide 1625931000?
True
Does 28 divide 63784097?
False
Is 247 a factor of 8902868?
True
Does 228 divide 20826660?
True
Is 816467904 a multiple of 4032?
True
Is 88482636 a multiple of 18?
True
Is 1155 a factor of 272034840?
True
Is 5 a factor of 3595811?
False
Does 247 divide 7007390?
True
Does 100 divide 704503423?
False
Is 485117859 a multiple of 6?
False
Does 1592 divide 437799111?
False
Is 236528577 a multiple of 52?
False
Is 6118 a factor of 423659709?
False
Does 79 divide 92570541?
True
Is 12 a factor of 395118064?
False
Is 243693006 a multiple of 516?
False
Is 324 a factor of 2063364077?
False
Is 3442856976 a multiple of 104?
True
Is 69 a factor of 1511158526?
False
Does 1104 divide 45110544?
True
Is 30 a factor of 137864254?
False
Is 8 a factor of 473613785?
False
Is 6804923 a multiple of 11?
False
Is 7 a factor of 231568074?
False
Does 1470 divide 79640190?
True
Is 238 a factor of 53972583?
False
Is 28087626 a multiple of 7?
True
Does 55 divide 3613961?
False
Does 741 divide 87731436?
True
Is 382613832 a multiple of 3519?
True
Does 10073 divide 6260561860?
False
Does 134 divide 241592644?
False
Does 561 divide 13311230?
False
Is 2062 a factor of 889250712?
False
Is 231 a factor of 2316507732?
True
Is 153 a factor of 330498513?
True
Is 420679710 a multiple of 18?
True
Is 1176 a factor of 84606144?
True
Is 2022756395 a multiple of 121?
True
Is 1304 a factor of 19717784?
True
Is 729880692 a multiple of 7024?
False
Does 20 divide 623316460?
True
Does 136 divide 27208568?
True
Does 25 divide 17527500?
True
Is 576736351 a multiple of 62?
False
Does 5 divide 31371875?
True
Is 9079632 a multiple of 12?
True
Does 3440 divide 92794000?
True
Is 671119828 a multiple of 18?
False
Is 5376108609 a multiple of 1894?
False
Is 133 a factor of 72990932?
True
Is 13 a factor of 235018615?
True
Does 4 divide 4280174?
False
Is 104807 a multiple of 423?
False
Does 2087 divide 29677899?
False
Does 850 divide 95146450?
True
Is 62583192 a multiple of 2628?
True
Does 134 divide 229217487?
False
Is 61363724 a multiple of 340?
False
Does 29 divide 133212544?
True
Is 182 a factor of 18000528?
True
Does 7 divide 5146938?
False
Is 1045 a factor of 66712559?
False
Is 17 a factor of 48535293?
False
Does 132 divide 134554596?
True
Is 4016 a factor of 333546194?
False
Is 231 a factor of 1299114432?
True
Is 4247 a factor of 2646794105?
True
Does 160 divide 271989600?
True
Does 5 divide 6606805?
True
Is 1481 a factor of 1600685534?
True
Is 2452 a factor of 119810226?
False
Is 3763643 a multiple of 6?
False
Is 38891697 a multiple of 251?
True
Is 83 a factor of 3941049804?
False
Is 114 a factor of 276288348?
True
Is 1543 a factor of 8668574?
True
Is 421097595 a multiple of 249?
True
Is 27 a factor of 947076?
False
Is 17 a factor of 223739115?
False
Does 2648 divide 398804688?
True
Is 2030985 a multiple of 1089?
True
Does 370 divide 64802170?
True
Is 5159 a factor of 622242467?
True
Is 53 a factor of 1622592318?
False
Is 7746 a factor of 384428?
False
Is 117 a factor of 30608254?
False
Is 281 a factor of 26598336?
True
Is 24 a factor of 175955640?
True
Is 41 a factor of 5737692315?
True
Is 704 a factor of 343851117?
False
Is 429387 a multiple of 21?
True
Is 24197923 a multiple of 6?
False
Is 1095 a factor of 33934209?
False
Is 15135707 a multiple of 1615?
False
Is 584019058 a multiple of 1163?
True
Does 3471 divide 593770086?
True
Is 4030275 a multiple of 493?
True
Does 698 divide 202792732?
True
Does 4 divide 44585968?
True
Is 10138875 a multiple of 125?
True
Is 587398569 a multiple of 867?
True
Is 9714298 a multiple of 13?
False
Is 81436274 a multiple of 1130?
False
Is 4942918 a multiple of 39?
False
Is 31042861 a multiple of 757?
False
Is 256476218 a multiple of 247?
False
Is 2 a factor of 68734335?
False
Does 9 divide 1351710945?
True
Does 6 divide 1092768?
True
Does 365 divide 287984055?
False
Is 186 a factor of 1921734912?
False
Is 2315 a factor of 11706955?
True
Is 135399554 a multiple of 17?
False
Does 4425 divide 3122731350?
True
Does 7 divide 18606523?
False
Is 405086121 a multiple of 75?
False
Is 15 a factor of 48153915?
True
Is 859 a factor of 515062802?
False
Is 3955 a factor of 507414635?
True
Does 9 divide 217494535?
False
Is 53 a factor of 8042977?
False
Is 356 a factor of 4828655?
False
Is 8115231 a multiple of 118?
False
Is 944717157 a multiple of 6417?
True
Is 226044306 a multiple of 490?
False
Is 33 a factor of 556161705?
True
Is 3465418654 a multiple of 3652?
False
Does 11 divide 371128065?
True
Is 3135 a factor of 1641620805?
True
Is 571 a factor of 6800338?
False
Does 466 divide 472853928?
True
Does 2245 divide 513365032?
False
Does 209 divide 18738408?
False
Is 1433840185 a multiple of 145?
True
Is 4946 a factor of 1246273296?
True
Is 5 a factor of 98703780?
True
Does 27 divide 113397420?
False
Is 1754 a factor of 80253881?
False
Is 7402 a factor of 1386941995?
False
Is 1729 a factor of 74327981?
True
Is 270105912 a multiple of 3546?
True
Is 156997580 a multiple of 40?
False
Is 44 a factor of 837713440?
False
Does 297 divide 26555961?
False
Is 2408753 a multiple of 4?
False
Does 22 divide 46534840?
True
Does 71 divide 70758813?
True
Is 58001060 a multiple of 52?
True
Does 119 divide 144991930?
False
Does 203 divide 749792248?
False
Is 6 a factor of 4551293?
False
Does 12 divide 33327996?
True
Is 495706645 a multiple of 1228?
False
Is 2471710 a multiple of 10?
True
Is 185312036 a multiple of 182?
True
Does 452 divide 3591592?
True
Does 8 divide 53464536?
True
Is 1013470836 a multiple of 122?
True
Is 150201640 a multiple of 2731?
False
Is 887 a factor of 154366384?
True
Is 17893145 a multiple of 19?
False
Is 26 a factor of 284148228?
True
Is 110970584 a multiple of 236?
False
Is 40 a factor of 70278720?
True
Is 634393539 a multiple of 81?
True
Is 3 a factor of 68368777?
False
Is 120 a factor of 109510560?
True
Is 2282 a factor of 31475626?
True
Does 217 divide 409902281?
False
Is 586 a factor of 137442784?
True
Is 26 a factor of 8276828?
False
Is 43 a factor of 55239929?
False
Is 820 a 